{"id":16,"date":"2022-06-10T15:44:36","date_gmt":"2022-06-10T13:44:36","guid":{"rendered":"https:\/\/kadence.pixel-show.com\/cleaning-services\/?page_id=16"},"modified":"2024-02-28T13:55:45","modified_gmt":"2024-02-28T12:55:45","slug":"notre-equipe","status":"publish","type":"page","link":"https:\/\/naturedechienworld.com\/index.php\/notre-equipe\/","title":{"rendered":"Notre \u00e9quipe"},"content":{"rendered":"<style>.kb-row-layout-id16_2e7b0e-e9 > .kt-row-column-wrap{align-content:start;}:where(.kb-row-layout-id16_2e7b0e-e9 > .kt-row-column-wrap) > .wp-block-kadence-column{justify-content:start;}.kb-row-layout-id16_2e7b0e-e9 > .kt-row-column-wrap{column-gap:var(--global-kb-gap-md, 2rem);row-gap:var(--global-kb-gap-md, 2rem);max-width:var( --global-content-width, 1290px );padding-left:var(--global-content-edge-padding);padding-right:var(--global-content-edge-padding);padding-top:140px;padding-bottom:100px;grid-template-columns:minmax(0, 1fr);}.kb-row-layout-id16_2e7b0e-e9 > .kt-row-layout-overlay{opacity:0.07;mix-blend-mode:normal;}@media all and (max-width: 1024px){.kb-row-layout-id16_2e7b0e-e9 > .kt-row-column-wrap{padding-top:80px;padding-bottom:80px;grid-template-columns:minmax(0, 1fr);}}@media all and (max-width: 767px){.kb-row-layout-id16_2e7b0e-e9 > .kt-row-column-wrap{padding-top:100px;padding-right:30px;padding-bottom:100px;padding-left:30px;grid-template-columns:minmax(0, 1fr);}}<\/style><div class=\"kb-row-layout-wrap kb-row-layout-id16_2e7b0e-e9 alignnone has-theme-palette8-background-color kt-row-has-bg wp-block-kadence-rowlayout\"><div class=\"kt-row-column-wrap kt-has-1-columns kt-row-layout-equal kt-tab-layout-inherit kt-mobile-layout-row kt-row-valign-top kb-theme-content-width\">\n<style>.kadence-column16_38868e-eb > .kt-inside-inner-col,.kadence-column16_38868e-eb > .kt-inside-inner-col:before{border-top-left-radius:0px;border-top-right-radius:0px;border-bottom-right-radius:0px;border-bottom-left-radius:0px;}.kadence-column16_38868e-eb > .kt-inside-inner-col{column-gap:var(--global-kb-gap-sm, 1rem);}.kadence-column16_38868e-eb > .kt-inside-inner-col{flex-direction:column;}.kadence-column16_38868e-eb > .kt-inside-inner-col > .aligncenter{width:100%;}.kadence-column16_38868e-eb > .kt-inside-inner-col:before{opacity:0.3;}.kadence-column16_38868e-eb{position:relative;}@media all and (max-width: 1024px){.kadence-column16_38868e-eb > .kt-inside-inner-col{padding-top:0px;padding-right:0px;padding-bottom:0px;padding-left:0px;flex-direction:column;}}@media all and (max-width: 767px){.kadence-column16_38868e-eb > .kt-inside-inner-col{flex-direction:column;}}<\/style>\n<div class=\"wp-block-kadence-column kadence-column16_38868e-eb inner-column-1\"><div class=\"kt-inside-inner-col\"><style>.kb-row-layout-id16_0e2ecc-f6 > .kt-row-column-wrap{align-content:start;}:where(.kb-row-layout-id16_0e2ecc-f6 > .kt-row-column-wrap) > .wp-block-kadence-column{justify-content:start;}.kb-row-layout-id16_0e2ecc-f6 > .kt-row-column-wrap{column-gap:var(--global-kb-gap-md, 2rem);row-gap:var(--global-kb-gap-md, 2rem);max-width:600px;margin-left:auto;margin-right:auto;padding-top:0px;padding-bottom:0px;grid-template-columns:minmax(0, 1fr);}.kb-row-layout-id16_0e2ecc-f6 > .kt-row-layout-overlay{opacity:0.30;}@media all and (max-width: 1024px){.kb-row-layout-id16_0e2ecc-f6 > .kt-row-column-wrap{padding-top:0px;padding-right:0px;padding-bottom:0px;padding-left:0px;grid-template-columns:minmax(0, 1fr);}}@media all and (max-width: 767px){.kb-row-layout-id16_0e2ecc-f6 > .kt-row-column-wrap{grid-template-columns:minmax(0, 1fr);}}<\/style><div class=\"kb-row-layout-wrap kb-row-layout-id16_0e2ecc-f6 alignnone wp-block-kadence-rowlayout\"><div class=\"kt-row-column-wrap kt-has-1-columns kt-row-layout-equal kt-tab-layout-inherit kt-mobile-layout-row kt-row-valign-top\">\n<style>.kadence-column16_c8bdbd-95 > .kt-inside-inner-col{padding-right:40px;padding-left:40px;}.kadence-column16_c8bdbd-95 > .kt-inside-inner-col,.kadence-column16_c8bdbd-95 > .kt-inside-inner-col:before{border-top-left-radius:0px;border-top-right-radius:0px;border-bottom-right-radius:0px;border-bottom-left-radius:0px;}.kadence-column16_c8bdbd-95 > .kt-inside-inner-col{column-gap:var(--global-kb-gap-sm, 1rem);}.kadence-column16_c8bdbd-95 > .kt-inside-inner-col{flex-direction:column;}.kadence-column16_c8bdbd-95 > .kt-inside-inner-col > .aligncenter{width:100%;}.kadence-column16_c8bdbd-95 > .kt-inside-inner-col:before{opacity:0.3;}.kadence-column16_c8bdbd-95{position:relative;}@media all and (max-width: 1024px){.kadence-column16_c8bdbd-95 > .kt-inside-inner-col{flex-direction:column;}}@media all and (max-width: 767px){.kadence-column16_c8bdbd-95 > .kt-inside-inner-col{padding-right:0px;padding-left:0px;flex-direction:column;}}<\/style>\n<div class=\"wp-block-kadence-column kadence-column16_c8bdbd-95 inner-column-1\"><div class=\"kt-inside-inner-col\"><style>.wp-block-kadence-advancedheading.kt-adv-heading16_3456ec-d8, .wp-block-kadence-advancedheading.kt-adv-heading16_3456ec-d8[data-kb-block=\"kb-adv-heading16_3456ec-d8\"]{padding-top:0px;padding-right:0px;padding-bottom:20px;padding-left:0px;margin-top:0px;margin-right:0px;margin-bottom:0px;margin-left:0px;text-align:center;font-style:normal;text-transform:capitalize;}.wp-block-kadence-advancedheading.kt-adv-heading16_3456ec-d8 mark, .wp-block-kadence-advancedheading.kt-adv-heading16_3456ec-d8[data-kb-block=\"kb-adv-heading16_3456ec-d8\"] mark{font-style:normal;color:#f76a0c;padding-top:0px;padding-right:0px;padding-bottom:0px;padding-left:0px;}<\/style>\n<h1 class=\"kt-adv-heading16_3456ec-d8 wp-block-kadence-advancedheading has-theme-palette-3-color has-text-color\" data-kb-block=\"kb-adv-heading16_3456ec-d8\">Notre \u00e9quipe<\/h1>\n\n\n<style>.wp-block-kadence-advancedheading.kt-adv-heading16_bcea62-7a, .wp-block-kadence-advancedheading.kt-adv-heading16_bcea62-7a[data-kb-block=\"kb-adv-heading16_bcea62-7a\"]{padding-right:0px;padding-left:0px;text-align:center;font-style:normal;}.wp-block-kadence-advancedheading.kt-adv-heading16_bcea62-7a mark, .wp-block-kadence-advancedheading.kt-adv-heading16_bcea62-7a[data-kb-block=\"kb-adv-heading16_bcea62-7a\"] mark{font-style:normal;color:#f76a0c;padding-top:0px;padding-right:0px;padding-bottom:0px;padding-left:0px;}@media all and (max-width: 767px){.wp-block-kadence-advancedheading.kt-adv-heading16_bcea62-7a, .wp-block-kadence-advancedheading.kt-adv-heading16_bcea62-7a[data-kb-block=\"kb-adv-heading16_bcea62-7a\"]{padding-right:0px;padding-left:0px;}}<\/style>\n<p class=\"kt-adv-heading16_bcea62-7a wp-block-kadence-advancedheading has-theme-palette-3-color has-text-color\" data-kb-block=\"kb-adv-heading16_bcea62-7a\">Chlo\u00e9 Fesch <\/p>\n\n\n\n<p>Chlo\u00e9 est \u00e9ducatrice canin depuis 2009, formatrice depuis 2012, autrice de plusieurs ouvrages sur l&#8217;\u00e9ducation positive. C&#8217;est la fondatrice de Nature de Chien. <\/p>\n\n\n\n<p>Experte en comportement canin, elle dirige au sein de l&#8217;association : <\/p>\n\n\n\n<ul>\n<li>l&#8217;achat et la distribution de nourriture pour les chiens des rues<\/li>\n\n\n\n<li>le lien avec les v\u00e9t\u00e9rinaires sur place pour les campagnes de vaccination et le financement des op\u00e9rations <\/li>\n\n\n\n<li>la r\u00e9colte des donn\u00e9es et l&#8217;observation des comportements canin des chiens des rues, <\/li>\n\n\n\n<li>d\u00e9veloppe les projets p\u00e9dagogiques pour permettre aux locaux d&#8217;\u00eatre sensibilis\u00e9 aux chiens de leur pays<\/li>\n<\/ul>\n\n\n\n<p><\/p>\n<\/div><\/div>\n\n<\/div><\/div><\/div><\/div>\n\n<\/div><\/div>\n\n<style>.kb-row-layout-id16_ac4c05-ff > .kt-row-column-wrap{align-content:start;}:where(.kb-row-layout-id16_ac4c05-ff > .kt-row-column-wrap) > .wp-block-kadence-column{justify-content:start;}.kb-row-layout-id16_ac4c05-ff > .kt-row-column-wrap{column-gap:var(--global-kb-gap-md, 2rem);row-gap:var(--global-kb-gap-md, 2rem);max-width:var( --global-content-width, 1290px );padding-left:var(--global-content-edge-padding);padding-right:var(--global-content-edge-padding);padding-top:80px;padding-right:20px;padding-bottom:80px;padding-left:20px;grid-template-columns:minmax(0, 1fr);}.kb-row-layout-id16_ac4c05-ff > .kt-row-layout-overlay{opacity:0.30;}@media all and (max-width: 1024px){.kb-row-layout-id16_ac4c05-ff > .kt-row-column-wrap{padding-top:60px;padding-right:150px;padding-bottom:60px;padding-left:150px;grid-template-columns:minmax(0, 1fr);}}@media all and (max-width: 767px){.kb-row-layout-id16_ac4c05-ff > .kt-row-column-wrap{padding-right:0px;padding-left:0px;grid-template-columns:minmax(0, 1fr);}}<\/style><div class=\"kb-row-layout-wrap kb-row-layout-id16_ac4c05-ff alignnone wp-block-kadence-rowlayout\"><div class=\"kt-row-column-wrap kt-has-1-columns kt-row-layout-equal kt-tab-layout-inherit kt-mobile-layout-row kt-row-valign-top kb-theme-content-width\">\n<style>.kadence-column16_753214-06 > .kt-inside-inner-col,.kadence-column16_753214-06 > .kt-inside-inner-col:before{border-top-left-radius:0px;border-top-right-radius:0px;border-bottom-right-radius:0px;border-bottom-left-radius:0px;}.kadence-column16_753214-06 > .kt-inside-inner-col{column-gap:var(--global-kb-gap-sm, 1rem);}.kadence-column16_753214-06 > .kt-inside-inner-col{flex-direction:column;}.kadence-column16_753214-06 > .kt-inside-inner-col > .aligncenter{width:100%;}.kadence-column16_753214-06 > .kt-inside-inner-col:before{opacity:0.3;}.kadence-column16_753214-06{position:relative;}@media all and (max-width: 1024px){.kadence-column16_753214-06 > .kt-inside-inner-col{flex-direction:column;}}@media all and (max-width: 767px){.kadence-column16_753214-06 > .kt-inside-inner-col{flex-direction:column;}}<\/style>\n<div class=\"wp-block-kadence-column kadence-column16_753214-06\"><div class=\"kt-inside-inner-col\"><\/div><\/div>\n\n<\/div><\/div>","protected":false},"excerpt":{"rendered":"<p>Notre \u00e9quipe Chlo\u00e9 Fesch Chlo\u00e9 est \u00e9ducatrice canin depuis 2009, formatrice depuis 2012, autrice de plusieurs ouvrages sur l&#8217;\u00e9ducation positive. C&#8217;est la fondatrice de Nature de Chien. Experte en comportement canin, elle dirige au sein de l&#8217;association :<\/p>\n","protected":false},"author":1,"featured_media":0,"parent":0,"menu_order":0,"comment_status":"closed","ping_status":"closed","template":"","meta":{"_kadence_starter_templates_imported_post":true,"_kad_post_transparent":"","_kad_post_title":"hide","_kad_post_layout":"fullwidth","_kad_post_sidebar_id":"","_kad_post_content_style":"unboxed","_kad_post_vertical_padding":"hide","_kad_post_feature":"hide","_kad_post_feature_position":"","_kad_post_header":false,"_kad_post_footer":false},"_links":{"self":[{"href":"https:\/\/naturedechienworld.com\/index.php\/wp-json\/wp\/v2\/pages\/16"}],"collection":[{"href":"https:\/\/naturedechienworld.com\/index.php\/wp-json\/wp\/v2\/pages"}],"about":[{"href":"https:\/\/naturedechienworld.com\/index.php\/wp-json\/wp\/v2\/types\/page"}],"author":[{"embeddable":true,"href":"https:\/\/naturedechienworld.com\/index.php\/wp-json\/wp\/v2\/users\/1"}],"replies":[{"embeddable":true,"href":"https:\/\/naturedechienworld.com\/index.php\/wp-json\/wp\/v2\/comments?post=16"}],"version-history":[{"count":5,"href":"https:\/\/naturedechienworld.com\/index.php\/wp-json\/wp\/v2\/pages\/16\/revisions"}],"predecessor-version":[{"id":1086,"href":"https:\/\/naturedechienworld.com\/index.php\/wp-json\/wp\/v2\/pages\/16\/revisions\/1086"}],"wp:attachment":[{"href":"https:\/\/naturedechienworld.com\/index.php\/wp-json\/wp\/v2\/media?parent=16"}],"curies":[{"name":"wp","href":"https:\/\/api.w.org\/{rel}","templated":true}]}}